 of 159015 and 60.
15
Calculate the highest common divisor of 5185 and 1222623.
1037
What is the highest common divisor of 2931009 and 129?
129
What is the highest common divisor of 22480 and 313315?
1405
Calculate the highest common factor of 119691 and 13.
13
What is the highest common divisor of 345 and 6141?
69
Calculate the highest common divisor of 5535 and 261.
9
What is the greatest common divisor of 310776 and 120?
24
Calculate the greatest common factor of 20325 and 525.
75
What is the greatest common factor of 11 and 1012847?
11
Calculate the highest common factor of 22705 and 717.
239
What is the greatest common divisor of 203698 and 188?
94
What is the highest common factor of 2859 and 321?
3
Calculate the greatest common divisor of 279 and 142011.
279
What is the greatest common factor of 60 and 167880?
60
What is the greatest common factor of 23725 and 3900?
325
What is the greatest common factor of 192108 and 231?
21
What is the highest common divisor of 244 and 140483?
61
What is the greatest common factor of 990 and 112255?
55
Calculate the greatest common factor of 53421 and 9.
3
What is the highest common divisor of 1869 and 729?
3
Calculate the highest common factor of 1458 and 8046.
54
What is the highest common factor of 3010 and 136?
2
Calculate the greatest common factor of 855 and 96235.
95
What is the highest common divisor of 12499 and 116?
29
What is the greatest common factor of 334824 and 756?
84
Calculate the greatest common divisor of 4545 and 1215.
45
Calculate the highest common divisor of 3376647 and 81.
81
Calculate the greatest common divisor of 9472512 and 48.
48
Calculate the greatest common factor of 112 and 153398.
14
What is the greatest common divisor of 88 and 1463528?
88
What is the highest common factor of 1411 and 21248?
83
What is the greatest common divisor of 800 and 3370?
10
What is the highest common factor of 69496 and 3689?
119
Calculate the highest common divisor of 228 and 591508.
76
What is the highest common divisor of 11240 and 350?
10
What is the greatest common divisor of 1923 and 1100597?
641
Calculate the greatest common factor of 23307 and 14433.
51
Calculate the highest common divisor of 2431 and 30602.
143
Calculate the highest common factor of 1058 and 2637594.
1058
What is the greatest common factor of 758676 and 612?
204
What is the highest common divisor of 16413 and 2?
1
Calculate the greatest common factor of 23 and 33741.
23
Calculate the highest common divisor of 1300 and 6175.
325
Calculate the highest common factor of 98 and 43.
1
What is the highest common factor of 4369 and 8995?
257
What is the highest common factor of 27707 and 4573?
269
Calculate the highest common divisor of 742 and 61565.
7
Calculate the greatest common divisor of 200577 and 3.
3
Calculate the greatest common factor of 1461580 and 20.
20
What is the highest common divisor of 78821 and 1192?
149
Calculate the highest common factor of 7779060 and 1380.
1380
What is the greatest common factor of 39250 and 8?
2
What is the highest common factor of 68226 and 25071?
411
What is the greatest common divisor of 3077 and 1107901?
181
What is the greatest common divisor of 3738 and 2937?
267
What is the highest common divisor of 72891 and 42588?
819
Calculate the greatest common divisor of 163657 and 377.
13
What is the greatest common factor of 35664 and 864?
48
What is the greatest common factor of 20437 and 1177?
107
What is the greatest common factor of 45072 and 312?
24
Calculate the greatest common factor of 945 and 1197.
63
What is the greatest common divisor of 141 and 1081?
47
What is the greatest common divisor of 19777395 and 15?
15
What is the greatest common divisor of 1035 and 109575?
45
What is the greatest common divisor of 192 and 55848?
24
What is the greatest common factor of 33 and 14047?
11
Calculate the highest common divisor of 1165 and 55.
5
Calculate the highest common factor of 1194 and 3679908.
1194
Calculate the greatest common factor of 2768 and 24566.
346
Calculate the highest common divisor of 692329 and 44.
11
Calculate the highest common divisor of 3 and 48909.
3
What is the highest common factor of 71 and 422663?
71
What is the highest common divisor of 92624 and 448?
112
What is the greatest common factor of 79576 and 25172?
812
What is the highest common factor of 555 and 399045?
555
What is the highest common factor of 3752 and 114302?
134
What is the highest common divisor of 54406 and 22?
22
What is the greatest common factor of 7809 and 222762?
411
Calculate the greatest common divisor of 8 and 70024.
8
Calculate the greatest common divisor of 750 and 2510.
10
What is the highest common factor of 3654 and 1624?
406
Calculate the greatest common factor of 57 and 21185.
19
Calculate the highest common divisor of 1277217 and 3438.
1719
What is the highest common factor of 657622 and 4494?
1498
Calculate the greatest common factor of 4377 and 2.
1
Calculate the greatest common factor of 702 and 2250.
18
What is the highest common divisor of 10 and 13758170?
10
Calculate the greatest common factor of 152 and 360.
8
Calculate the highest common divisor of 3698 and 1591.
43
Calculate the highest common divisor of 1769 and 9333.
61
What is the highest common factor of 1115 and 520?
5
What is the highest common divisor of 1274 and 6188?
182
What is the greatest common divisor of 39832 and 416?
104
Calculate the highest common factor of 1292 and 16252.
68
Calculate the highest common divisor of 48744 and 288.
72
What is the highest common factor of 21 and 198793?
7
What is the greatest common divisor of 334 and 25551?
167
What is the highest common divisor of 1445 and 685797?
289
Calculate the highest common divisor of 203928 and 58.
58
What is the highest common factor of 1070 and 161570?
1070
Calculate the highest common divisor of 1 and 8099.
1
Calculate the greatest common divisor of 136792 and 16.
8
What is the greatest common factor of 1742 and 51662?
26
What is the highest common divisor of 144 and 4376736?
144
Calculate the greatest common divisor of 425 and 2261.
17
What is the greatest common factor of 2905 and 8743?
7
Calculate the highest common factor of 6885 and 230.
5
What is the greatest common divisor of 122 and 2930318?
122
Calculate the highest common factor of 215 and 235425.
215
What is the greatest common factor of 52297 and 964?
241
Calculate the highest common factor of 27755 and 95953.
793
What is the greatest common divisor of 6157 and 1179?
131
What is the greatest common factor of 1568 and 7497?
49
Calculate the highest common factor of 936 and 3900.
156
Calculate the highest common divisor of 62814 and 2262.
174
Calculate the highest common factor of 3855 and 265.
5
Calculate the highest common factor of 8632 and 1538654.
2158
What is the highest common divisor of 1565844 and 1764?
588
What is the greatest common factor of 36970 and 20?
10
What is the greatest common factor of 1593981 and 9?
9
What is the highest common factor of 1196 and 70058?
46
Calculate the greatest common factor of 1430 and 1518.
22
What is the greatest common factor of 3270 and 4210?
10
What is the greatest common divisor of 142032 and 72?
24
What is the greatest common factor of 2584 and 7200316?
1292
What is the highest common divisor of 1100946 and 2310?
462
What is the highest common factor of 116228 and 3332?
196
Calculate the highest common divisor of 3645 and 25005.
15
What is the highest common divisor of 666770 and 572?
26
Calculate the highest common factor of 80828 and 3025.
121
Calculate the greatest common factor of 50946 and 12.
6
What is the highest common divisor of 126 and 136290?
42
What is the highest common factor of 1904862 and 438?
438
What is the greatest common factor of 107776 and 2304?
256
What is the highest common factor of 558606 and 48?
6
What is the greatest common divisor of 13460147 and 29?
29
What is the highest common factor of 2240016 and 6?
6
What is the greatest common factor of 5665 and 70349?
103
Calculate the highest common factor of 86 and 555431.
43
What is the highest common factor of 1180589 and 404?
101
Calculate the greatest common divisor of 1785 and 60333.
357
What is the greatest common factor of 159 and 4215?
3
What is